 divisor of 8040 and 360.
120
Calculate the greatest common divisor of 33 and 99.
33
Calculate the highest common divisor of 19 and 9139.
19
Calculate the greatest common factor of 8435 and 35.
35
What is the greatest common divisor of 13446 and 162?
162
What is the highest common factor of 187 and 77?
11
Calculate the greatest common factor of 40 and 208.
8
What is the highest common divisor of 30 and 4230?
30
What is the greatest common factor of 874 and 138?
46
Calculate the greatest common factor of 2110 and 70.
10
What is the greatest common divisor of 26 and 36?
2
Calculate the greatest common factor of 1029 and 42.
21
What is the greatest common factor of 160 and 7840?
160
Calculate the highest common divisor of 23 and 299.
23
Calculate the greatest common factor of 25 and 75.
25
What is the greatest common factor of 1495 and 65?
65
Calculate the highest common divisor of 114 and 24.
6
What is the greatest common divisor of 12 and 52?
4
Calculate the highest common divisor of 630 and 80.
10
What is the highest common divisor of 21 and 7?
7
Calculate the greatest common factor of 5373 and 27.
27
Calculate the highest common divisor of 16 and 88.
8
Calculate the highest common divisor of 1872 and 12870.
234
Calculate the greatest common divisor of 25 and 1875.
25
Calculate the highest common divisor of 175 and 1610.
35
What is the greatest common divisor of 18 and 279?
9
What is the highest common factor of 861 and 21?
21
What is the greatest common divisor of 48 and 176?
16
What is the highest common divisor of 84 and 24?
12
Calculate the greatest common divisor of 17 and 4675.
17
Calculate the highest common factor of 658 and 14.
14
What is the highest common divisor of 1674 and 62?
62
Calculate the greatest common divisor of 4 and 4076.
4
What is the greatest common factor of 6858 and 216?
54
What is the greatest common divisor of 16 and 296?
8
What is the greatest common factor of 15 and 45?
15
Calculate the highest common factor of 28 and 5614.
14
What is the greatest common factor of 19 and 4313?
19
Calculate the greatest common divisor of 120 and 75.
15
What is the highest common factor of 595 and 49?
7
What is the highest common divisor of 13 and 12324?
13
Calculate the highest common factor of 4 and 4.
4
What is the highest common divisor of 32 and 128?
32
Calculate the highest common factor of 247 and 39.
13
Calculate the greatest common factor of 12 and 15828.
12
What is the highest common factor of 810 and 20?
10
Calculate the greatest common factor of 35 and 20160.
35
Calculate the greatest common factor of 32 and 17104.
16
What is the greatest common factor of 10 and 70?
10
What is the highest common divisor of 637 and 3913?
91
What is the greatest common divisor of 1155 and 4015?
55
Calculate the highest common factor of 206 and 2.
2
What is the greatest common factor of 9 and 162?
9
What is the greatest common factor of 96 and 324?
12
What is the highest common divisor of 765 and 45?
45
What is the greatest common factor of 720 and 280?
40
What is the greatest common factor of 84 and 1836?
12
Calculate the greatest common factor of 25 and 6425.
25
What is the greatest common divisor of 21035 and 35?
35
What is the greatest common divisor of 725 and 1073?
29
Calculate the greatest common factor of 20 and 90.
10
What is the greatest common divisor of 1152 and 63?
9
What is the greatest common factor of 1770 and 30?
30
Calculate the highest common divisor of 575 and 100.
25
Calculate the greatest common factor of 426 and 284.
142
What is the highest common factor of 1073 and 116?
29
What is the greatest common factor of 608 and 247?
19
What is the greatest common divisor of 32 and 144?
16
Calculate the greatest common factor of 240 and 15920.
80
What is the highest common factor of 1569 and 12?
3
What is the highest common divisor of 28 and 17332?
28
What is the greatest common factor of 8822 and 44?
22
Calculate the highest common factor of 48 and 30.
6
Calculate the highest common divisor of 257 and 5.
1
What is the greatest common factor of 7050 and 564?
282
What is the highest common divisor of 471 and 3140?
157
Calculate the highest common divisor of 1496 and 187.
187
What is the highest common divisor of 154 and 14?
14
What is the greatest common divisor of 3185 and 65?
65
What is the highest common factor of 6951 and 21?
21
What is the greatest common factor of 48 and 668?
4
What is the highest common factor of 51 and 6528?
51
Calculate the greatest common factor of 1406 and 74.
74
What is the greatest common factor of 87 and 1160?
29
What is the highest common divisor of 117 and 14781?
39
What is the highest common divisor of 105 and 3297?
21
What is the highest common divisor of 11 and 8107?
11
What is the highest common divisor of 2750 and 132?
22
Calculate the greatest common divisor of 20682 and 108.
54
Calculate the greatest common factor of 15 and 1515.
15
Calculate the highest common factor of 43 and 989.
43
Calculate the highest common divisor of 84 and 1134.
42
What is the greatest common factor of 62 and 9765?
31
Calculate the highest common divisor of 34 and 578.
34
Calculate the highest common factor of 20 and 25.
5
Calculate the greatest common factor of 273 and 3120.
39
Calculate the highest common factor of 7490 and 70.
70
Calculate the greatest common divisor of 2183 and 236.
59
What is the greatest common divisor of 3321 and 123?
123
What is the greatest common factor of 34200 and 50?
50
Calculate the greatest common divisor of 96 and 1488.
48
What is the highest common divisor of 168 and 6846?
42
Calculate the greatest common factor of 2484 and 92.
92
What is the highest common divisor of 352 and 2134?
22
What is the greatest common factor of 45330 and 30?
30
What is the greatest common factor of 3 and 151?
1
Calculate the greatest common factor of 5183 and 1387.
73
Calculate the highest common factor of 64 and 32.
32
Calculate the highest common divisor of 532 and 84.
28
What is the highest common factor of 4104 and 240?
24
Calculate the greatest common factor of 46 and 391.
23
Calculate the greatest common divisor of 176 and 13816.
88
What is the highest common divisor of 3 and 2019?
3
Calculate the greatest common factor of 8342 and 86.
86
What is the highest common divisor of 1782 and 22?
22
Calculate the highest common factor of 42 and 28.
14
Calculate the greatest common divisor of 60 and 1725.
15
What is the greatest common divisor of 44 and 396?
44
What is the greatest common factor of 34 and 2941?
17
Calculate the greatest common factor of 16 and 124.
4
Calculate the highest common factor of 3942 and 146.
146
What is the greatest common factor of 3239 and 41?
41
Calculate the greatest common divisor of 147 and 2793.
147
What is the greatest common divisor of 1596 and 56?
28
Calculate the highest common factor of 177 and 1121.
59
What is the greatest common divisor of 17496 and 72?
72
What is the greatest common factor of 171 and 207?
9
Calculate the greatest common factor of 285 and 37335.
285
What is the highest common factor of 8418 and 488?
122
What is the greatest common divisor of 288 and 9?
9
What is the highest common factor of 63 and 11487?
21
Calculate the greatest common factor of 31 and 20987.
31
Calculate the highest common factor of 1834 and 14.
14
What is the greatest common factor of 8 and 76?
4
Calculate the highest common divisor of 897 and 26.
13
What is the highest common divisor of 36 and 6498?
18
What is the highest common divisor of 9 and 2817?
9
What is the greatest common factor of 30 and 190?
10
What is the highest common divisor of 258 and 86?
86
Calculate the highest common factor of 272 and 2000.
16
What is the highest common factor of 3 and 129?
3
What is the highest common factor of 2262 and 522?
174
Calculate the greatest common divisor of 26 and 169.
13
What is the greatest common factor of 2359 and 7?
7
What is the highest common divisor of 9156 and 42?
42
Calculate the greatest common factor of 1137 and 9.
3
What is the highest common factor of 79 and 2607?
79
What is the greatest common factor of 11771 and 237?
79
Calculate the greatest common factor of 115 and 25.
5
Calculate the greatest common divisor of 3173 and 19.
19
What is the highest common fa